 of u?
1
Suppose -3*i = -4*x + 615, 7*x - 2*i - 461 = 4*x. What is the hundreds digit of x?
1
Let v = -5 - -1. Let n be v/20 + 26/5. Suppose 5*o = -5*w + 60, n*w - 2*w = 2*o - 9. What is the units digit of o?
9
Let c = -14 - -15. Let v(r) = 14*r. What is the tens digit of v(c)?
1
Let v(w) = -20*w**3 + w**2 - w. Let h be v(1). Let j = h + 31. What is the tens digit of j?
1
Let h = 31 - 29. What is the tens digit of -60*((-6)/(-4) - h)?
3
What is the units digit of 6/4*-1*(-176)/6?
4
Let c(b) = b**3 + 9*b**2 + 6*b - 1. Let q be c(-8). Suppose 2*p - q = 7. Suppose -5*n = -p - 24. What is the units digit of n?
7
Let h(g) = -g + 5. Let b be h(5). Let q = 1 + b. What is the units digit of q - (-3 - -2) - -7?
9
Suppose 0 = t - 6 - 13. Let c = t - 7. What is the tens digit of c?
1
Let h = -2 - -8. What is the units digit of 16/6 + (-4)/h?
2
Suppose 4*s - 40 = -0*s. Let t = -10 + s. Suppose -4*m = 3*o - 10, t*m - 3 = 3*m - 3*o. What is the units digit of m?
1
Let d(z) = 5*z - 9. Let a be d(8). Suppose 2*k - 11 = 3*q, k + q = -k + a. What is the units digit of k?
3
Suppose 4*a = -5*d + 91, -3*d = -d + 2. What is the tens digit of a?
2
Suppose w - 12*w + 605 = 0. What is the tens digit of w?
5
Let g = 356 - 211. What is the tens digit of g?
4
Let k(g) = -g**2 + 10*g + 14. Let o be k(11). Suppose 101 = o*r + 2*d, 4*r = 2*r + 2*d + 64. What is the units digit of r?
3
Suppose 243 - 75 = 7*q. What is the units digit of q?
4
Let g(r) = -r + 10. Let m(b) = 2*b - 9. Let k(l) = 3*g(l) + 2*m(l). What is the units digit of k(-8)?
4
Let j(u) = -3*u. Let c be j(-3). Let h(q) = 2*q - 4. What is the tens digit of h(c)?
1
Suppose -52 = 5*r - 9*r. What is the tens digit of r?
1
Suppose x - 225 = -3*t, -x + 5*x - 2*t = 900. What is the units digit of x?
5
Suppose 4*u + 4*q + 4 = -0*u, q = 2*u - 10. Suppose -12 = -4*z - u*x, 2*x = -2*z + 4*z - 20. Let g = 14 - z. What is the units digit of g?
8
Let h = -9 + 18. What is the units digit of h?
9
Let i = -2 + 9. Suppose i*l = 2*l + 65. What is the units digit of l?
3
Let x be (0 + -3 - -1) + 0. Let v = x + 8. Suppose 0 = -4*k - 5*r + 7, -r - v - 1 = -2*k. What is the units digit of k?
3
Suppose 4 + 1 = 5*g. Let n = g + 36. What is the tens digit of n?
3
Let f(x) = -6*x**2 + 10*x - 5. Let i(o) = 7*o**2 - 11*o + 6. Let w(z) = -6*f(z) - 5*i(z). Let q be w(4). Let m = -2 - q. What is the units digit of m?
2
Suppose 41 + 39 = 5*f - v, 4*f - 2*v = 58. What is the units digit of f?
7
Suppose 3 = 2*f + 1. Let c(m) = -m + 7. Let x be c(8). What is the units digit of 6/(x - f) + 17?
4
Suppose 0*r + 4*r = z + 2, z - 3*r + 2 = 0. What is the units digit of z - -18 - (-2 - -2)?
6
Suppose 0 = 4*p + 2*p - 150. What is the tens digit of p?
2
Suppose 2*l - 12 = -2*g, 3*g - 7*g + 4*l = -56. Suppose 3*b - 37 = -g. What is the units digit of b?
9
Let n = 7 + -11. What is the units digit of n/10 - 44/(-10)?
4
Let h = -7 - -12. Suppose -3*l + 4*x + 50 = 0, -5*l + 3*l = 3*x - h. What is the units digit of l?
0
Suppose 2*s = s + q + 19, q = -5. Let u = 15 - s. What is the units digit of u?
1
Let q(j) = 2*j + 2. Let d(y) = 3*y - 3. Let c be d(2). What is the units digit of q(c)?
8
Let w(l) = -3*l - 4. Let x be w(-3). Suppose p - 2 = -4*z + x*z, 3*p - 4 = 4*z. What is the units digit of z?
2
Suppose -8*n - n + 837 = 0. What is the tens digit of n?
9
Let x(r) = -r + 13. Let i be x(12). Let d = i - -27. What is the units digit of d?
8
Let v be (4/8)/((-1)/(-6)). Suppose v = 4*n - 33. What is the units digit of n?
9
Suppose -4*u + 240 = 2*u. What is the tens digit of u?
4
Suppose -4*b = -2*b + 12. Let f = b + 5. What is the units digit of f/((-2)/18 - 0)?
9
Suppose 2*d = -2*j + 3*d + 9, 28 = 5*j + 3*d. What is the units digit of j?
5
Let c = -29 + 20. What is the units digit of 6/(-27) - 74/c?
8
Let j = -146 - -227. What is the tens digit of j?
8
Suppose 7 = -0*j - j. Let v = j - -9. What is the units digit of v?
2
Let v be (9/15)/((-4)/(-40)). Let b = 3 + v. What is the units digit of b?
9
Let t(s) = -s**3 + 2*s**2 + 5*s - 2. Let j be t(3). What is the units digit of 78/9 + j/(-6)?
8
Suppose -41 = -5*j + 59. What is the units digit of j?
0
Suppose 6*l - 2*l - 3*m - 30 = 0, 5*m = l - 16. Let g(b) = 4*b**3 - 3*b**2 + l - b - 3*b**3 - 2. What is the units digit of g(3)?
1
Suppose 0*j - 5*j = 0. Let s(y) = -y**3 - y**2 - 18. Let x be s(j). Let g = x - -30. What is the units digit of g?
2
Let x = -27 - -77. Let s be 3*2*x/15. Suppose -4*v - s = 0, -3*v = -2*n - v + 24. What is the units digit of n?
7
Suppose 0 = -2*a + 4*a - 86. What is the units digit of a?
3
Let v = 97 - 67. Suppose 4*l = 6 + v. What is the units digit of l?
9
Let y = 33 - 20. What is the tens digit of y?
1
Suppose -6*k = -2*k - 1008. What is the units digit of k?
2
Let m be 28/(-21)*(-390)/4. Let a = -92 + m. What is the units digit of a?
8
What is the units digit of (109 - 3)*(-3)/(-6)?
3
Let v = 0 + 1. Let a(m) = -m**2 - 6*m + 8. Let s be a(-6). What is the units digit of (s/v)/((-3)/(-3))?
8
Suppose 10 - 4 = 3*f. Suppose -f*p + 3 = -9. What is the units digit of p?
6
Let o(x) = -x**2 - x + 5. Let d be o(0). Let v = -3 + 5. Suppose -g + 7*f = v*f - 1, d*g = -3*f + 33. What is the units digit of g?
6
Let k = 120 + -96. What is the units digit of k?
4
Let t(m) = -m**2 - 5*m - 2. Let d be t(-3). What is the units digit of 4/6*30/d?
5
Let x(l) = 8*l**2 + 6*l. Let o(t) = -3*t**2 - 2*t. Let u(i) = -11*o(i) - 4*x(i). Suppose k - 4 = -0. What is the units digit of u(k)?
8
Let k(h) = h**3 + 20*h**2 + 15*h - 28. What is the units digit of k(-19)?
8
Let m be ((-2)/(-8))/((-1)/(-4)). Let q be 2*-1*-6 - m. Suppose q = 2*b - 3. What is the units digit of b?
7
Suppose 2*h = h. Suppose -3*v = 2*u - h*v + 20, -3*u - v - 16 = 0. What is the units digit of (-1 + 23)*(-2)/u?
1
Let x(s) = s**3 - 5*s**2 + 10*s - 8. What is the units digit of x(6)?
8
Let f(o) = -7*o + 1. Let d(n) = -6*n + 1. Let x(w) = -6*d(w) + 5*f(w). Let j(t) = 1. Let c(m) = 3*j(m) - x(m). What is the units digit of c(-6)?
0
Suppose a + 0*t + t = 23, -2*t - 2 = 0. Suppose -5*l + a = -l. Let z = l + -4. What is the units digit of z?
2
Let o(p) = p**2 - 5*p + 5. Let c be o(5). Suppose -3*b = 15, -c*l + 32 + 3 = -5*b. What is the units digit of -2 - (-16 + -2 + l)?
4
Suppose -2*b + 9 = -6*b + 3*c, -5*b - c + 3 = 0. Let l = 4 + b. What is the units digit of l?
4
Let h = -28 - 21. What is the tens digit of (70/h)/((-2)/14)?
1
Suppose 10 = -2*p + 7*p. Suppose p*i = -5*t + 35, 0*i = -t + i + 14. What is the units digit of t?
9
Let o = -8 + 98. What is the units digit of o?
0
What is the tens digit of (-1174)/(-18) + 8/(-36)?
6
Let w(r) = r + 7. Let k be w(-6). What is the tens digit of k/(-2) - 31/(-2)?
1
Suppose -5*d = 25, 4*d + 84 = 4*r + 4. What is the tens digit of r?
1
Let k(x) = x**3 - 6*x**2 + 6*x + 8. What is the units digit of k(7)?
9
What is the tens digit of (-3475)/(-55) + 3 + 2/(-11)?
6
Let a be (18/(-10))/(1/(-5)). Let k = a - 5. Suppose -2*z = 5*i - k, z = -i + 3*z + 8. What is the units digit of i?
2
Let r(a) = -a - 15. Let g(y) = -y - 15. Let w(n) = -3*g(n) + 2*r(n). What is the units digit of w(-14)?
1
Let b(q) = 32*q - 1. What is the units digit of b(1)?
1
Let c = -7 + 4. What is the units digit of 14/c*12/(-14)?
4
Let g(p) = p**3 + 8*p**2 + 7*p + 6. What is the tens digit of g(-5)?
4
Let m be 12/10*20/3. Suppose -5*r + m = -3*r. What is the units digit of r?
4
Let z(y) be the first derivative of y**2/2 + 11*y + 1. Let h be z(-7). Suppose 20 = h*o - 0*o. What is the units digit of o?
5
Let q = 10 - 5. Suppose 3*l = q*w + 30, 6*w = -l + 4*w - 1. Suppose -11 = -6*c + 4*c + f, 0 = l*c + f - 38. What is the units digit of c?
7
Suppose 5*p - 3*w - 58 = 0, -2*p - 2*w = -4*w - 24. Let n = 20 + p. Suppose 5*t = 4*u + 2*t - n, -5*t = -15. What is the tens digit of u?
1
Suppose 3*m + 27 = -0*m. Let h = 12 - m. What is the units digit of h?
1
Let b(a) be the third derivative of a**6/360 + a**5/60 - a**4/12 - 2*a**2. Let x(c) be the second derivative of b(c). What is the units digit of x(2)?
6
Let d = 141 + 59. Suppose h = -4*h + d. What is the units digit of h?
0
Let m = -18 + 12. Let w = -3 - m. What is the units digit of w?
3
Let c(k) = 2*k + 50. What is the units digit of c(0)?
0
Let i = -5 - -10. Suppose 5*g + 25 = 5*h, -2*h - g 